 is the remainder when 27 is divided by (11 - 3)/2 - l?
6
Let o = -5 - 2. Calculate the remainder when 31 is divided by 0/o - (-16 + 0).
15
Let r(x) = -2*x**2 - x + 4. Let d be r(-3). Let h = 15 - d. Calculate the remainder when h is divided by (-28)/(-98) + (-122)/(-14).
8
Suppose 4 = 4*l - 0*l. Calculate the remainder when l is divided by -9 + 6 - 4/(-1).
0
Suppose -58 = -3*n - 22. What is the remainder when 42 is divided by n?
6
Let a be 18/4 - (-6)/12. Suppose v - a = 3. What is the remainder when 15 is divided by v?
7
Suppose -7*y + 17*y - 1290 = 0. Calculate the remainder when y is divided by 13.
12
Let v(i) = 5*i**2 - 6*i - 4. What is the remainder when v(3) is divided by 13?
10
Suppose -x + 2 + 2 = 0. Suppose 0*o = o - 7. What is the remainder when o is divided by x?
3
Let z(w) = -w + 3. Suppose 0*n = 4*n. Suppose n = 2*a - 22 - 2. Calculate the remainder when a is divided by z(-4).
5
Suppose 4*p - 90 = 386. Let n = p - 78. Calculate the remainder when n is divided by 14.
13
What is the remainder when 91 is divided by 17 - -4 - 1*2?
15
Let a(r) = -r**3 - 5*r**2 + r + 4. Let o be a(-5). Let c = 8 - 11. Calculate the remainder when o/c - (-22)/6 is divided by 3.
1
Suppose -3*n - 5 = -5*f, -4*f + f + 12 = 0. Suppose -2*i + g = 2*g - 2, n*g = 2*i - 2. What is the remainder when 3 is divided by i?
0
Let k(r) = -r**2 - 8*r + 2. Let q(i) = -i**2 - 2*i. Let g be q(-4). Let l be k(g). Suppose 0 = -0*h - l*h + 10. What is the remainder when 9 is divided by h?
4
Let z = -120 + 129. Suppose u = 6 - 1. Calculate the remainder when z is divided by u.
4
Let q(f) = -f**3 + f**2 + f - 4. Let v be q(0). What is the remainder when (196/(-2))/(8/v) is divided by 17?
15
Let b = 56 + -33. Calculate the remainder when b is divided by 13.
10
Let t(j) = 16*j**2 + j - 2. Calculate the remainder when t(-2) is divided by 2*11 + 4 + (-15)/3.
18
Suppose 4*m + 98 = -4*d + 2*d, 2*d + 94 = -3*m. What is the remainder when d/(0/3 - 1) is divided by 11?
8
Suppose -8*s + 2*g = -5*s - 35, 0 = 5*s + 2*g - 53. What is the remainder when 174 is divided by s?
9
Let c = 84 - 57. Suppose 2*i + i = 21. What is the remainder when c is divided by i?
6
Let p = -112 - -144. What is the remainder when 93 is divided by p?
29
Suppose 107 = 4*l + 2*r - 11, 0 = l + r - 28. Calculate the remainder when l is divided by (-22 + 0)*2/(-4).
9
Suppose i + 7 = 1. Let v = 7 - i. Calculate the remainder when 24 is divided by v.
11
Suppose 4*m = 197 + 299. What is the remainder when m is divided by 21?
19
Let s = -1 - -3. Suppose 0 = 4*d - 4*m - 88, -7*d + 122 = -2*d + m. Suppose -t = 3*f - s, t + 3*f = -2*t + d. What is the remainder when 32 is divided by t?
10
Let v = -1 + -1. Let u = v + 5. Calculate the remainder when 7 is divided by u.
1
Suppose -2*n + 4*n - 10 = 0. What is the remainder when 6 is divided by n?
1
Let k(h) = h**3 + h**2 + h + 384. Let n be k(0). Suppose n = 3*x - 0*x. Let g = -70 + x. Calculate the remainder when g is divided by 15.
13
Let l = 22 + 9. Let m = 2 - 4. Let g(t) = 3*t**2 + t + 1. Calculate the remainder when l is divided by g(m).
9
Calculate the remainder when 9/27 - (-4)/(12/53) is divided by (0 - (-2)/(-2)) + 8.
4
Suppose 2*q + 25 = 7*q. Calculate the remainder when 17 is divided by q.
2
Suppose -h = 2*h + 12. Let w = h + 3. What is the remainder when 10/(3 - (-2)/w) is divided by 6?
4
Let y(h) = -h**2 + 16*h - 25. What is the remainder when 2/6 - (-105)/9 is divided by y(14)?
0
Suppose 7 = 4*o + 3. Let p be 8/(-12)*-6*o. Suppose 4*k + p*y = 0, -1 = -5*k - 4*y + 4. What is the remainder when 13 is divided by k?
3
Calculate the remainder when 15 is divided by ((-6)/(-4))/(24/32).
1
Let j = 1 - 0. Suppose -j + 15 = s. Suppose 8 = 4*l - 12. What is the remainder when s is divided by l?
4
Suppose -94 = -3*r + 158. Suppose -3*y - y = -r. What is the remainder when y is divided by 6?
3
Let l(a) = -a**2 - 3*a. Let i be l(-3). Suppose 12 = j - i. What is the remainder when 34 is divided by j?
10
Suppose 8*x - 182 - 194 = 0. Calculate the remainder when 186 is divided by x.
45
Let l = 2 + 1. Suppose -3*r = l*q - 33 - 15, -2*r + 26 = -4*q. Calculate the remainder when (-1)/(2*2/(-172)) is divided by r.
13
Let r(i) be the third derivative of i**5/60 - 2*i**3/3 - 2*i**2. Let w be r(-8). Let d = -27 + w. What is the remainder when d is divided by 9?
6
Let v = -35 + 59. What is the remainder when 89 is divided by v?
17
What is the remainder when 11 is divided by 4 - (-2 + 2)/4?
3
Suppose -88 = -2*o + 2*a, 0*a - 3*a + 212 = 5*o. Suppose 5*v - o = 4*j, 0 = j + 2. Calculate the remainder when 19 is divided by v.
5
Let g be (-4)/14 - (-830)/(-35). What is the remainder when g/30*(-71 - -1) is divided by 19?
18
Let h(v) = 2*v**2 + 2*v + 2. Let j be h(-2). Suppose j = 5*s + 2*x - 31, 5*s + x = 41. Calculate the remainder when 25 is divided by s.
7
Suppose -2*s + 40 = -v, -s - 12 = -3*v - 32. What is the remainder when s is divided by 8?
4
Let y(k) = 1 + 2*k**2 + 7*k + 0 + 4. Let a be y(-4). Suppose -4*f + 15 = -a. What is the remainder when 11 is divided by f?
5
Suppose -5*x + 7 = -18. Calculate the remainder when 14 is divided by x.
4
Let d = 33 - 17. Let q(f) = -2*f - 4. Let y = 10 + -15. What is the remainder when d is divided by q(y)?
4
Suppose -4 = -f, -2*p - 2*p - 1596 = f. Let r be (p/(-4))/(0 - -1). What is the remainder when 11 is divided by r/26 - 4/(-26)?
3
Let q = 21 + -12. Let j(p) = p**3 - 6*p**2 + 2. Let m be j(6). Let o = 3 + m. What is the remainder when q is divided by o?
4
Let d be ((-7)/(21/234))/(-2). Let o = d - 15. Calculate the remainder when o is divided by 13.
11
Suppose 5*z - 17 + 2 = 0. Suppose -c + z*c = 8. What is the remainder when 15 is divided by c?
3
Let a = 21 - 11. What is the remainder when 48 is divided by a?
8
Calculate the remainder when 10 is divided by (-2 - 7)*(-6)/27.
0
Let p = 8 + -5. Let k(r) = -r**3 + 9*r**2 - 4*r + 2. Let j(h) = 4*h**2 - 2*h + 1. Let b(i) = 7*j(i) - 3*k(i). What is the remainder when b(1) is divided by p?
0
Let h(c) = -c**3 - 4*c**2 - 11*c - 18. Calculate the remainder when h(-5) is divided by 16.
14
Suppose 0 = -4*v + 2 + 2. Let z = 9 - -1. What is the remainder when v/2 + (-148)/(-8) is divided by z?
9
Suppose -r - 69 = -4*r. Calculate the remainder when 88 is divided by r.
19
Let u = 23 + 23. Suppose -3*f + 12 = -2*f. What is the remainder when u is divided by f?
10
Suppose -4*o - a - 3*a + 80 = 0, -130 = -5*o + a. What is the remainder when 145 is divided by o?
20
Let j be (5/(-2))/(1/(-8)). Let s be (j/(-12))/(2/6). Calculate the remainder when s/((-1)/(-6)*-1) is divided by 16.
14
Suppose 0 = 2*i + i - 9. Calculate the remainder when -5 - (-35)/10 - 9/(-2) is divided by i.
0
Let n(g) = -g**3 - 2*g**2 - g + 7. Calculate the remainder when 54 is divided by n(-3).
16
Let l(a) = -a**2 + a. Let d be l(-2). Let x = 31 + -17. What is the remainder when 32 is divided by 150/x + d/(-21)?
10
Let l(z) be the first derivative of z**4/4 + 2*z**3 + 6*z + 2. Let y(a) = -a**2 - 16*a - 21. Let i be y(-15). What is the remainder when 21 is divided by l(i)?
3
Suppose 0 = -0*f + 2*f - 2. What is the remainder when 10 is divided by 6 - (-2 - (f + -3))?
4
Let i(k) be the second derivative of 7*k**3/6 - 4*k**2 - 3*k. Let v be i(-7). Calculate the remainder when 55 is divided by ((-8)/12)/(2/v).
17
Let l(b) = 10*b**2 + 2*b + 1. Let r(u) = -u**3 - 5*u**2 + u + 4. Let a be r(-5). Calculate the remainder when 25 is divided by l(a).
7
Let c(y) = -2*y**2 - 3*y - 1. Let k be c(-2). Let z be 1/(k/(-15)) - -1. Let x = 11 - z. What is the remainder when 13 is divided by x?
3
Suppose 5*z + 3*a = 27, -3*z + a + 0 = -5. Suppose -z*i + 5*i + 52 = o, 4*o + i - 163 = 0. What is the remainder when o is divided by 15?
12
Let g(x) = -15*x + 4. Let b be g(-4). Let q = -25 - -42. Calculate the remainder when (1 + 2/(-4))*b is divided by q.
15
Let j(s) = 11*s - 1. Let d be j(2). Calculate the remainder when (-7)/(d/(-36)) - -1 is divided by 8.
5
Suppose -289 = -2*x + 5*p, -3*x + 4*p = 2*x - 731. What is the remainder when x is divided by 25?
22
Suppose -2*i + 37 = -5*z, 0*i - i = z - 8. Let j be 1*-4*(-3)/(-4). Let m = i + j. What is the remainder when 14 is divided by m?
6
Suppose -40 = -5*v + 10. Calculate the remainder when 14 is divided by v.
4
Cal